{"id":5172,"date":"2022-05-02T16:23:24","date_gmt":"2022-05-02T14:23:24","guid":{"rendered":"https:\/\/www.invityou.com\/organizar-y-gestionar-sus-ferias-profesionales-en-linea\/"},"modified":"2026-04-08T16:00:42","modified_gmt":"2026-04-08T14:00:42","slug":"organizar-y-gestionar-sus-ferias-profesionales-en-linea","status":"publish","type":"page","link":"https:\/\/www.invityou.com\/es\/organizar-y-gestionar-sus-ferias-profesionales-en-linea\/","title":{"rendered":"Organizar y gestionar sus ferias profesionales en l\u00ednea"},"content":{"rendered":"<div class=\"flex flex-col text-sm pb-25\">\n<section class=\"text-token-text-primary w-full focus:outline-none [--shadow-height:45px] has-data-writing-block:pointer-events-none has-data-writing-block:-mt-(--shadow-height) has-data-writing-block:pt-(--shadow-height) [&amp;:has([data-writing-block])&gt;*]:pointer-events-auto scroll-mt-[calc(var(--header-height)+min(200px,max(70px,20svh)))]\" dir=\"auto\" data-turn-id=\"request-WEB:4e9003f0-4d8b-4d59-b21f-b23fb2d4cf97-4\" data-testid=\"conversation-turn-10\" data-scroll-anchor=\"true\" data-turn=\"assistant\">\n<div class=\"text-base my-auto mx-auto pb-10 [--thread-content-margin:var(--thread-content-margin-xs,calc(var(--spacing)*4))] @w-sm\/main:[--thread-content-margin:var(--thread-content-margin-sm,calc(var(--spacing)*6))] @w-lg\/main:[--thread-content-margin:var(--thread-content-margin-lg,calc(var(--spacing)*16))] px-(--thread-content-margin)\">\n<div class=\"[--thread-content-max-width:40rem] @w-lg\/main:[--thread-content-max-width:48rem] mx-auto max-w-(--thread-content-max-width) flex-1 group\/turn-messages focus-visible:outline-hidden relative flex w-full min-w-0 flex-col agent-turn\">\n<div class=\"flex max-w-full flex-col gap-4 grow\">\n<div class=\"min-h-8 text-message relative flex w-full flex-col items-end gap-2 text-start break-words whitespace-normal outline-none keyboard-focused:focus-ring [.text-message+&amp;]:mt-1\" dir=\"auto\" tabindex=\"0\" data-message-author-role=\"assistant\" data-message-id=\"e2e4cfae-e8f0-4bf5-b399-0cead02c3bbb\" data-message-model-slug=\"gpt-5-3\" data-turn-start-message=\"true\">\n<div class=\"flex w-full flex-col gap-1 empty:hidden\">\n<div class=\"markdown prose dark:prose-invert w-full wrap-break-word dark markdown-new-styling\">\n<p data-start=\"58\" data-end=\"352\" data-is-last-node=\"\" data-is-only-node=\"\">Una feria profesional puede adoptar diferentes formas, en funci\u00f3n de su alcance geogr\u00e1fico, tema o tambi\u00e9n de su estructura. Organizar y gestionar sus ferias profesionales es clave para maximizar su impacto. Este evento B to B desempe\u00f1a un papel especial en el \u00e1mbito del marketing directo.<\/p>\n<\/div>\n<\/div>\n<\/div>\n<\/div>\n<\/div>\n<\/div>\n<\/section>\n<\/div>\n<hr \/>\n<h2>\u00bfPor qu\u00e9 organizar una feria profesional?<\/h2>\n<p>La puesta en marcha de una feria profesional puede ser tan relevante como rentable&#8230; <strong>\u00a1siempre que est\u00e9 perfectamente organizada!<\/strong> Al reunir la oferta y la demanda de todo un sector de actividad, fomenta los contactos entre profesionales. La feria proporciona visibilidad y notoriedad entre un p\u00fablico cualificado. Si su comunicaci\u00f3n se gestiona de forma \u00f3ptima, favorece la sinergia y la creaci\u00f3n de nuevas colaboraciones.<\/p>\n<hr \/>\n<h2>Organizaci\u00f3n de una feria: las etapas clave<\/h2>\n<p><strong>Una organizaci\u00f3n cuidada y una gesti\u00f3n meticulosa<\/strong> de los invitados son esenciales, si se quieren obtener resultados concluyentes. Pero utilizar archivos Excel para gestionar un acto de esta envergadura aumenta el riesgo de errores y descuidos. Es m\u00e1s sensato recurrir a una plataforma de gesti\u00f3n automatizada, que ofrece una <strong>visi\u00f3n de 360\u00b0 del avance del proyecto<\/strong>.<\/p>\n<h3>Antes de la feria<\/h3>\n<p>El objetivo principal es atraer visitantes a su stand, as\u00ed que haga todo lo posible para conseguirlo. Piense en:<\/p>\n<ul>\n<li>\u00a0<\/li>\n<li>Elaborar la lista de invitados<\/li>\n<li>Crear una p\u00e1gina web <strong>totalmente personalizada<\/strong><\/li>\n<li>Poner en l\u00ednea la informaci\u00f3n pr\u00e1ctica que necesitan los invitados<\/li>\n<li>Elaborar un programa e integrarlo en los distintos soportes de comunicaci\u00f3n<\/li>\n<li>Enviar un <strong>\u00absave the date\u00bb<\/strong><\/li>\n<li>Enviar invitaciones<strong> Enviar <strong>recordatorios a los invitados<\/strong><\/strong><\/li>\n<\/ul>\n<p><a title=\"Fonctionnalit\u00e9s\" href=\"https:\/\/www.invityou.com\/es\/\">\u00a1InvitYou le ayuda a comunicar su presencia en la feria!<\/a><\/p>\n<h3>Durante la feria<\/h3>\n<ul>\n<li>Comunicar en directo en las redes sociales<\/li>\n<li>Grabar en v\u00eddeo sus ponencias si tiene previsto hacerlas<\/li>\n<li><strong>Transmitir el v\u00eddeo en directo<\/strong>, para alcanzar el p\u00fablico destinatario<\/li>\n<li>Crear una base de datos de nuevos clientes potenciales<\/li>\n<\/ul>\n<h3>Despu\u00e9s de la feria<\/h3>\n<ul>\n<li>Enviar un email de agradecimientos a todos los que asistieron al gran d\u00eda<\/li>\n<li>Enviar una presentaci\u00f3n<strong> de sus servicios<\/strong> a sus nuevos clientes potenciales<\/li>\n<li><strong>Analizar el retorno de su inversi\u00f3n<\/strong> y sus beneficios utilizando las estad\u00edsticas actualizadas autom\u00e1ticamente en su plataforma digital<\/li>\n<\/ul>\n<p>\u00bfDesea llevar la organizaci\u00f3n de sus ferias al siguiente nivel? <a href=\"https:\/\/www.invityou.com\/es\/contacto\/\" target=\"_blank\" rel=\"noopener\">\u00a1Nuestro equipo le ayuda!<\/a><\/p>\n\n\n<p><\/p>\n","protected":false},"excerpt":{"rendered":"<p>Una feria profesional puede adoptar diferentes formas, en funci\u00f3n de su alcance geogr\u00e1fico, tema o tambi\u00e9n de su estructura. Organizar y gestionar sus ferias profesionales es clave para maximizar su impacto. Este evento B to B desempe\u00f1a un papel especial en el \u00e1mbito del marketing directo. \u00bfPor qu\u00e9 organizar una feria profesional? La puesta en [&hellip;]<\/p>\n","protected":false},"author":1,"featured_media":0,"parent":0,"menu_order":0,"comment_status":"closed","ping_status":"closed","template":"","meta":{"_acf_changed":false,"inline_featured_image":false,"footnotes":""},"class_list":["post-5172","page","type-page","status-publish","hentry"],"acf":[],"yoast_head":"<!-- This site is optimized with the Yoast SEO plugin v27.4 - https:\/\/yoast.com\/product\/yoast-seo-wordpress\/ -->\n<title>Organizar y gestionar sus ferias profesionales<\/title>\n<meta name=\"description\" content=\"Organizar y gestionar sus ferias profesionales: invitados, comunicaci\u00f3n y seguimiento en una plataforma para maximizar visibilidad.\" \/>\n<meta name=\"robots\" content=\"index, follow, max-snippet:-1, max-image-preview:large, max-video-preview:-1\" \/>\n<link rel=\"canonical\" href=\"https:\/\/www.invityou.com\/es\/organizar-y-gestionar-sus-ferias-profesionales-en-linea\/\" \/>\n<meta property=\"og:locale\" content=\"es_ES\" \/>\n<meta property=\"og:type\" content=\"article\" \/>\n<meta property=\"og:title\" content=\"Organizar y gestionar sus ferias profesionales\" \/>\n<meta property=\"og:description\" content=\"Organizar y gestionar sus ferias profesionales: invitados, comunicaci\u00f3n y seguimiento en una plataforma para maximizar visibilidad.\" \/>\n<meta property=\"og:url\" content=\"https:\/\/www.invityou.com\/es\/organizar-y-gestionar-sus-ferias-profesionales-en-linea\/\" \/>\n<meta property=\"og:site_name\" content=\"InvitYou\" \/>\n<meta property=\"article:publisher\" content=\"https:\/\/www.facebook.com\/pages\/CorpoEvents\/167858103417650\" \/>\n<meta property=\"article:modified_time\" content=\"2026-04-08T14:00:42+00:00\" \/>\n<meta name=\"twitter:card\" content=\"summary_large_image\" \/>\n<meta name=\"twitter:site\" content=\"@corpo_events\" \/>\n<meta name=\"twitter:label1\" content=\"Tiempo de lectura\" \/>\n\t<meta name=\"twitter:data1\" content=\"2 minutos\" \/>\n<script type=\"application\/ld+json\" class=\"yoast-schema-graph\">{\"@context\":\"https:\\\/\\\/schema.org\",\"@graph\":[{\"@type\":\"WebPage\",\"@id\":\"https:\\\/\\\/www.invityou.com\\\/es\\\/organizar-y-gestionar-sus-ferias-profesionales-en-linea\\\/\",\"url\":\"https:\\\/\\\/www.invityou.com\\\/es\\\/organizar-y-gestionar-sus-ferias-profesionales-en-linea\\\/\",\"name\":\"Organizar y gestionar sus ferias profesionales\",\"isPartOf\":{\"@id\":\"https:\\\/\\\/www.invityou.com\\\/es\\\/#website\"},\"datePublished\":\"2022-05-02T14:23:24+00:00\",\"dateModified\":\"2026-04-08T14:00:42+00:00\",\"description\":\"Organizar y gestionar sus ferias profesionales: invitados, comunicaci\u00f3n y seguimiento en una plataforma para maximizar visibilidad.\",\"inLanguage\":\"es\",\"potentialAction\":[{\"@type\":\"ReadAction\",\"target\":[\"https:\\\/\\\/www.invityou.com\\\/es\\\/organizar-y-gestionar-sus-ferias-profesionales-en-linea\\\/\"]}]},{\"@type\":\"WebSite\",\"@id\":\"https:\\\/\\\/www.invityou.com\\\/es\\\/#website\",\"url\":\"https:\\\/\\\/www.invityou.com\\\/es\\\/\",\"name\":\"InvitYou\",\"description\":\"Outil de gestion \u00e9v\u00e9nementiel\",\"publisher\":{\"@id\":\"https:\\\/\\\/www.invityou.com\\\/es\\\/#organization\"},\"potentialAction\":[{\"@type\":\"SearchAction\",\"target\":{\"@type\":\"EntryPoint\",\"urlTemplate\":\"https:\\\/\\\/www.invityou.com\\\/es\\\/?s={search_term_string}\"},\"query-input\":{\"@type\":\"PropertyValueSpecification\",\"valueRequired\":true,\"valueName\":\"search_term_string\"}}],\"inLanguage\":\"es\"},{\"@type\":\"Organization\",\"@id\":\"https:\\\/\\\/www.invityou.com\\\/es\\\/#organization\",\"name\":\"InvitYou by CorpoEvents\",\"url\":\"https:\\\/\\\/www.invityou.com\\\/es\\\/\",\"logo\":{\"@type\":\"ImageObject\",\"inLanguage\":\"es\",\"@id\":\"https:\\\/\\\/www.invityou.com\\\/es\\\/#\\\/schema\\\/logo\\\/image\\\/\",\"url\":\"https:\\\/\\\/www.invityou.com\\\/wp-content\\\/uploads\\\/2022\\\/05\\\/cropped-android-chrome-512x512-1.png\",\"contentUrl\":\"https:\\\/\\\/www.invityou.com\\\/wp-content\\\/uploads\\\/2022\\\/05\\\/cropped-android-chrome-512x512-1.png\",\"width\":512,\"height\":512,\"caption\":\"InvitYou by CorpoEvents\"},\"image\":{\"@id\":\"https:\\\/\\\/www.invityou.com\\\/es\\\/#\\\/schema\\\/logo\\\/image\\\/\"},\"sameAs\":[\"https:\\\/\\\/www.facebook.com\\\/pages\\\/CorpoEvents\\\/167858103417650\",\"https:\\\/\\\/x.com\\\/corpo_events\",\"https:\\\/\\\/www.linkedin.com\\\/company\\\/corpoevents\"]}]}<\/script>\n<!-- \/ Yoast SEO plugin. -->","yoast_head_json":{"title":"Organizar y gestionar sus ferias profesionales","description":"Organizar y gestionar sus ferias profesionales: invitados, comunicaci\u00f3n y seguimiento en una plataforma para maximizar visibilidad.","robots":{"index":"index","follow":"follow","max-snippet":"max-snippet:-1","max-image-preview":"max-image-preview:large","max-video-preview":"max-video-preview:-1"},"canonical":"https:\/\/www.invityou.com\/es\/organizar-y-gestionar-sus-ferias-profesionales-en-linea\/","og_locale":"es_ES","og_type":"article","og_title":"Organizar y gestionar sus ferias profesionales","og_description":"Organizar y gestionar sus ferias profesionales: invitados, comunicaci\u00f3n y seguimiento en una plataforma para maximizar visibilidad.","og_url":"https:\/\/www.invityou.com\/es\/organizar-y-gestionar-sus-ferias-profesionales-en-linea\/","og_site_name":"InvitYou","article_publisher":"https:\/\/www.facebook.com\/pages\/CorpoEvents\/167858103417650","article_modified_time":"2026-04-08T14:00:42+00:00","twitter_card":"summary_large_image","twitter_site":"@corpo_events","twitter_misc":{"Tiempo de lectura":"2 minutos"},"schema":{"@context":"https:\/\/schema.org","@graph":[{"@type":"WebPage","@id":"https:\/\/www.invityou.com\/es\/organizar-y-gestionar-sus-ferias-profesionales-en-linea\/","url":"https:\/\/www.invityou.com\/es\/organizar-y-gestionar-sus-ferias-profesionales-en-linea\/","name":"Organizar y gestionar sus ferias profesionales","isPartOf":{"@id":"https:\/\/www.invityou.com\/es\/#website"},"datePublished":"2022-05-02T14:23:24+00:00","dateModified":"2026-04-08T14:00:42+00:00","description":"Organizar y gestionar sus ferias profesionales: invitados, comunicaci\u00f3n y seguimiento en una plataforma para maximizar visibilidad.","inLanguage":"es","potentialAction":[{"@type":"ReadAction","target":["https:\/\/www.invityou.com\/es\/organizar-y-gestionar-sus-ferias-profesionales-en-linea\/"]}]},{"@type":"WebSite","@id":"https:\/\/www.invityou.com\/es\/#website","url":"https:\/\/www.invityou.com\/es\/","name":"InvitYou","description":"Outil de gestion \u00e9v\u00e9nementiel","publisher":{"@id":"https:\/\/www.invityou.com\/es\/#organization"},"potentialAction":[{"@type":"SearchAction","target":{"@type":"EntryPoint","urlTemplate":"https:\/\/www.invityou.com\/es\/?s={search_term_string}"},"query-input":{"@type":"PropertyValueSpecification","valueRequired":true,"valueName":"search_term_string"}}],"inLanguage":"es"},{"@type":"Organization","@id":"https:\/\/www.invityou.com\/es\/#organization","name":"InvitYou by CorpoEvents","url":"https:\/\/www.invityou.com\/es\/","logo":{"@type":"ImageObject","inLanguage":"es","@id":"https:\/\/www.invityou.com\/es\/#\/schema\/logo\/image\/","url":"https:\/\/www.invityou.com\/wp-content\/uploads\/2022\/05\/cropped-android-chrome-512x512-1.png","contentUrl":"https:\/\/www.invityou.com\/wp-content\/uploads\/2022\/05\/cropped-android-chrome-512x512-1.png","width":512,"height":512,"caption":"InvitYou by CorpoEvents"},"image":{"@id":"https:\/\/www.invityou.com\/es\/#\/schema\/logo\/image\/"},"sameAs":["https:\/\/www.facebook.com\/pages\/CorpoEvents\/167858103417650","https:\/\/x.com\/corpo_events","https:\/\/www.linkedin.com\/company\/corpoevents"]}]}},"_links":{"self":[{"href":"https:\/\/www.invityou.com\/es\/wp-json\/wp\/v2\/pages\/5172","targetHints":{"allow":["GET"]}}],"collection":[{"href":"https:\/\/www.invityou.com\/es\/wp-json\/wp\/v2\/pages"}],"about":[{"href":"https:\/\/www.invityou.com\/es\/wp-json\/wp\/v2\/types\/page"}],"author":[{"embeddable":true,"href":"https:\/\/www.invityou.com\/es\/wp-json\/wp\/v2\/users\/1"}],"replies":[{"embeddable":true,"href":"https:\/\/www.invityou.com\/es\/wp-json\/wp\/v2\/comments?post=5172"}],"version-history":[{"count":2,"href":"https:\/\/www.invityou.com\/es\/wp-json\/wp\/v2\/pages\/5172\/revisions"}],"predecessor-version":[{"id":5923,"href":"https:\/\/www.invityou.com\/es\/wp-json\/wp\/v2\/pages\/5172\/revisions\/5923"}],"wp:attachment":[{"href":"https:\/\/www.invityou.com\/es\/wp-json\/wp\/v2\/media?parent=5172"}],"curies":[{"name":"wp","href":"https:\/\/api.w.org\/{rel}","templated":true}]}}

Organizar y gestionar sus ferias profesionales en línea

<div class="flex flex-col text-sm pb-25">
<section class="text-token-text-primary w-full focus:outline-none [--shadow-height:45px] has-data-writing-block:pointer-events-none has-data-writing-block:-mt-(--shadow-height) has-data-writing-block:pt-(--shadow-height) [&amp;:has([data-writing-block])&gt;*]:pointer-events-auto scroll-mt-[calc(var(--header-height)+min(200px,max(70px,20svh)))]" dir="auto" data-turn-id="request-WEB:4e9003f0-4d8b-4d59-b21f-b23fb2d4cf97-4" data-testid="conversation-turn-10" data-scroll-anchor="true" data-turn="assistant">
<div class="text-base my-auto mx-auto pb-10 [--thread-content-margin:var(--thread-content-margin-xs,calc(var(--spacing)*4))] @w-sm/main:[--thread-content-margin:var(--thread-content-margin-sm,calc(var(--spacing)*6))] @w-lg/main:[--thread-content-margin:var(--thread-content-margin-lg,calc(var(--spacing)*16))] px-(--thread-content-margin)">
<div class="[--thread-content-max-width:40rem] @w-lg/main:[--thread-content-max-width:48rem] mx-auto max-w-(--thread-content-max-width) flex-1 group/turn-messages focus-visible:outline-hidden relative flex w-full min-w-0 flex-col agent-turn">
<div class="flex max-w-full flex-col gap-4 grow">
<div class="min-h-8 text-message relative flex w-full flex-col items-end gap-2 text-start break-words whitespace-normal outline-none keyboard-focused:focus-ring [.text-message+&amp;]:mt-1" dir="auto" tabindex="0" data-message-author-role="assistant" data-message-id="e2e4cfae-e8f0-4bf5-b399-0cead02c3bbb" data-message-model-slug="gpt-5-3" data-turn-start-message="true">
<div class="flex w-full flex-col gap-1 empty:hidden">
<div class="markdown prose dark:prose-invert w-full wrap-break-word dark markdown-new-styling">
<p data-start="58" data-end="352" data-is-last-node="" data-is-only-node="">Una feria profesional puede adoptar diferentes formas, en función de su alcance geográfico, tema o también de su estructura. Organizar y gestionar sus ferias profesionales es clave para maximizar su impacto. Este evento B to B desempeña un papel especial en el ámbito del marketing directo.</p>
</div>
</div>
</div>
</div>
</div>
</div>
</section>
</div>
<hr />
<h2>¿Por qué organizar una feria profesional?</h2>
<p>La puesta en marcha de una feria profesional puede ser tan relevante como rentable&#8230; <strong>¡siempre que esté perfectamente organizada!</strong> Al reunir la oferta y la demanda de todo un sector de actividad, fomenta los contactos entre profesionales. La feria proporciona visibilidad y notoriedad entre un público cualificado. Si su comunicación se gestiona de forma óptima, favorece la sinergia y la creación de nuevas colaboraciones.</p>
<hr />
<h2>Organización de una feria: las etapas clave</h2>
<p><strong>Una organización cuidada y una gestión meticulosa</strong> de los invitados son esenciales, si se quieren obtener resultados concluyentes. Pero utilizar archivos Excel para gestionar un acto de esta envergadura aumenta el riesgo de errores y descuidos. Es más sensato recurrir a una plataforma de gestión automatizada, que ofrece una <strong>visión de 360° del avance del proyecto</strong>.</p>
<h3>Antes de la feria</h3>
<p>El objetivo principal es atraer visitantes a su stand, así que haga todo lo posible para conseguirlo. Piense en:</p>
<ul>
<li> </li>
<li>Elaborar la lista de invitados</li>
<li>Crear una página web <strong>totalmente personalizada</strong></li>
<li>Poner en línea la información práctica que necesitan los invitados</li>
<li>Elaborar un programa e integrarlo en los distintos soportes de comunicación</li>
<li>Enviar un <strong>«save the date»</strong></li>
<li>Enviar invitaciones<strong> Enviar <strong>recordatorios a los invitados</strong></strong></li>
</ul>
<p><a title="Fonctionnalités" href="https://www.invityou.com/es/">¡InvitYou le ayuda a comunicar su presencia en la feria!</a></p>
<h3>Durante la feria</h3>
<ul>
<li>Comunicar en directo en las redes sociales</li>
<li>Grabar en vídeo sus ponencias si tiene previsto hacerlas</li>
<li><strong>Transmitir el vídeo en directo</strong>, para alcanzar el público destinatario</li>
<li>Crear una base de datos de nuevos clientes potenciales</li>
</ul>
<h3>Después de la feria</h3>
<ul>
<li>Enviar un email de agradecimientos a todos los que asistieron al gran día</li>
<li>Enviar una presentación<strong> de sus servicios</strong> a sus nuevos clientes potenciales</li>
<li><strong>Analizar el retorno de su inversión</strong> y sus beneficios utilizando las estadísticas actualizadas automáticamente en su plataforma digital</li>
</ul>
<p>¿Desea llevar la organización de sus ferias al siguiente nivel? <a href="https://www.invityou.com/es/contacto/" target="_blank" rel="noopener">¡Nuestro equipo le ayuda!</a></p>


<p></p>

<p>Una feria profesional puede adoptar diferentes formas, en función de su alcance geográfico, tema o también de su estructura. Organizar y gestionar sus ferias profesionales es clave para maximizar su impacto. Este evento B to B desempeña un papel especial en el ámbito del marketing directo. ¿Por qué organizar una feria profesional? La puesta en [&hellip;]</p>

<!-- This site is optimized with the Yoast SEO plugin v27.4 - https://yoast.com/product/yoast-seo-wordpress/ -->
<title>Organizar y gestionar sus ferias profesionales</title>
<meta name="description" content="Organizar y gestionar sus ferias profesionales: invitados, comunicación y seguimiento en una plataforma para maximizar visibilidad." />
<meta name="robots" content="index, follow, max-snippet:-1, max-image-preview:large, max-video-preview:-1" />
<link rel="canonical" href="https://www.invityou.com/es/organizar-y-gestionar-sus-ferias-profesionales-en-linea/" />
<meta property="og:locale" content="es_ES" />
<meta property="og:type" content="article" />
<meta property="og:title" content="Organizar y gestionar sus ferias profesionales" />
<meta property="og:description" content="Organizar y gestionar sus ferias profesionales: invitados, comunicación y seguimiento en una plataforma para maximizar visibilidad." />
<meta property="og:url" content="https://www.invityou.com/es/organizar-y-gestionar-sus-ferias-profesionales-en-linea/" />
<meta property="og:site_name" content="InvitYou" />
<meta property="article:publisher" content="https://www.facebook.com/pages/CorpoEvents/167858103417650" />
<meta property="article:modified_time" content="2026-04-08T14:00:42+00:00" />
<meta name="twitter:card" content="summary_large_image" />
<meta name="twitter:site" content="@corpo_events" />
<meta name="twitter:label1" content="Tiempo de lectura" />
	<meta name="twitter:data1" content="2 minutos" />
<script type="application/ld+json" class="yoast-schema-graph">{"@context":"https:\/\/schema.org","@graph":[{"@type":"WebPage","@id":"https:\/\/www.invityou.com\/es\/organizar-y-gestionar-sus-ferias-profesionales-en-linea\/","url":"https:\/\/www.invityou.com\/es\/organizar-y-gestionar-sus-ferias-profesionales-en-linea\/","name":"Organizar y gestionar sus ferias profesionales","isPartOf":{"@id":"https:\/\/www.invityou.com\/es\/#website"},"datePublished":"2022-05-02T14:23:24+00:00","dateModified":"2026-04-08T14:00:42+00:00","description":"Organizar y gestionar sus ferias profesionales: invitados, comunicación y seguimiento en una plataforma para maximizar visibilidad.","inLanguage":"es","potentialAction":[{"@type":"ReadAction","target":["https:\/\/www.invityou.com\/es\/organizar-y-gestionar-sus-ferias-profesionales-en-linea\/"]}]},{"@type":"WebSite","@id":"https:\/\/www.invityou.com\/es\/#website","url":"https:\/\/www.invityou.com\/es\/","name":"InvitYou","description":"Outil de gestion événementiel","publisher":{"@id":"https:\/\/www.invityou.com\/es\/#organization"},"potentialAction":[{"@type":"SearchAction","target":{"@type":"EntryPoint","urlTemplate":"https:\/\/www.invityou.com\/es\/?s={search_term_string}"},"query-input":{"@type":"PropertyValueSpecification","valueRequired":true,"valueName":"search_term_string"}}],"inLanguage":"es"},{"@type":"Organization","@id":"https:\/\/www.invityou.com\/es\/#organization","name":"InvitYou by CorpoEvents","url":"https:\/\/www.invityou.com\/es\/","logo":{"@type":"ImageObject","inLanguage":"es","@id":"https:\/\/www.invityou.com\/es\/#\/schema\/logo\/image\/","url":"https:\/\/www.invityou.com\/wp-content\/uploads\/2022\/05\/cropped-android-chrome-512x512-1.png","contentUrl":"https:\/\/www.invityou.com\/wp-content\/uploads\/2022\/05\/cropped-android-chrome-512x512-1.png","width":512,"height":512,"caption":"InvitYou by CorpoEvents"},"image":{"@id":"https:\/\/www.invityou.com\/es\/#\/schema\/logo\/image\/"},"sameAs":["https:\/\/www.facebook.com\/pages\/CorpoEvents\/167858103417650","https:\/\/x.com\/corpo_events","https:\/\/www.linkedin.com\/company\/corpoevents"]}]}</script>
<!-- / Yoast SEO plugin. -->

Organizar y gestionar sus ferias profesionales: invitados, comunicación y seguimiento en una plataforma para maximizar visibilidad.

Outil de gestion événementiel
